
17
Let p(c) = 3 + 4*c + 3*c**2 + 24*c**3 + 23*c**3 - 51*c**3. Let s(h) = -9*h**3 + 7*h**2 + 9*h + 7. Let f(k) = 5*p(k) - 2*s(k). What is f(-1)?
2
Suppose 9*c = -2*c. Let v(h) = -h**3 - h**2 - h + 5. Determine v(c).
5
Let k = -20 + 23. Let j be -1*(k + 0 + 1). Let p(z) = z + 6. Calculate p(j).
2
Suppose -17*x + 20 - 71 = 0. Let r(n) = n**3 + 6*n**2 - 5*n - 3. Let z(i) = i**3 + 5*i**2 - 5*i - 3. Let u(g) = x*r(g) + 4*z(g). What is u(-3)?
3
Let j = -277 - -275. Let f(c) = c**3 + c**2 + 2*c - 1. Give f(j).
-9
Let p(r) = 2*r**2 - 2*r - 1. Suppose 3*i = 5*q + 4, 35*i - 30*i + 20 = -5*q. Give p(i).
11
Let c(k) = -k**3 + k**2 - k + 10. Let s(j) = -j**2 + 6*j - 4. Suppose f - 1 - 4 = 0. Let a be s(f). Let b be ((-3 - -2) + a)/1. What is c(b)?
10
Let k(a) = -3*a - 9. Let l(o) = 16*o + 46. Suppose 5*f + 6 = -4. Let z(v) = f*l(v) - 11*k(v). What is z(-8)?
-1
Let b(k) = k**2 - 14. Let m = 83 - 80. Let n be (0/(-1 - 5))/(-2 + m). Determine b(n).
-14
Let m(v) = -4*v + 2. Let a be m(2). Let y = a - -8. Suppose g - y*g + 6 = 0. Let x(q) = -q**2 + 8*q - 6. What is x(g)?
6
Let s(t) = -5*t - 10. Let h(m) = 3*m**2 - 5*m - 114. Let v be h(7). What is s(v)?
0
Let b(c) = c - 26 + 0*c + 21. Let n be ((-36)/33)/((-12)/66). Calculate b(n).
1
Let p be 4/(-14)*5 - 3/(-7). Let h(s) = 1. Let m = 8 + -9. Let v(b) = -2*b**3 - 2*b**2 - 5. Let f(c) = m*v(c) - 6*h(c). Determine f(p).
-1
Let i be (1647/15 - 4) + (-3)/(-15). Let d = -99 + i. Let x(o) = -o**3 + 7*o**2 - 2*o - 2. Calculate x(d).
-16
Let g(b) = 6*b**2 + 1 + 11*b**3 - 20*b**3 + 2*b + 4*b**3 + 6*b**3. Let l = 6 - 4. Suppose l*y - 3*y = 6. Give g(y).
-11
Let t(p) be the first derivative of p**3/6 - 15*p - 21. Let i(x) be the first derivative of t(x). Determine i(7).
7
Let l = 1 + -24. Let i = l - -27. Suppose -a + 2*a = i. Let c(r) = -r - 2. Calculate c(a).
-6
Let m be -24 + (-3 + 3 - 3). Let o be 19*-3 - m/(-9). Let g be 2/1*o/(-24). Let n(h) = -h**2 + 7*h - 1. What is n(g)?
9
Let h = 87 - 85. Let r(p) = -10*p - 1. Determine r(h).
-21
Let x(z) = z**2 - 7*z - 2. Let m be x(-2). Suppose -4 = 2*j - 4*w - m, 6 = j - 5*w. Let a(i) = -i - 4. Determine a(j).
-10
Let w(y) = -2*y + 4 + 2 - 11 + 6. Calculate w(-6).
13
Let f = 9 - 6. Let t be (28/3)/(2/f). Let b(n) = 1 + t*n**2 - 13*n**2 - 1. Calculate b(0).
0
Let g(a) = -a**2 - 8*a + 7. Let x be (20/25)/((-2)/(-10)). Suppose i + 3 = 0, x*i + i + 55 = -5*s. Calculate g(s).
7
Let u be (2/2 - -2)*(-91)/39. Let n(i) = 2*i + 7. Calculate n(u).
-7
Let w(b) = 1 - b + 2 - 4. Let x(u) = -2*u**3 + 16*u**2 + u - 2. Let h be x(8). Calculate w(h).
-7
Let o = 10 + -2. Let y(w) = -9 - w + 5*w**2 - 3*w**3 + 3 - 3*w**2 + o. What is y(2)?
-16
Let y(x) = -7*x**2 - 24 + 29 + x**3 + x**2. Let s(d) = d**3 - 6*d**2 + 5. Let b(w) = 4*s(w) - 3*y(w). Suppose 5*c = -11 + 41. Determine b(c).
5
Let l(n) be the second derivative of 1/6*n**4 + 1/120*n**5 - 1/180*n**6 + n + 0*n**3 + 0 + 0*n**2. Let k(p) be the third derivative of l(p). Give k(2).
-7
Let l(a) = -a**2 - 3*a + 2. Let u = -35 + 22. Let t = -1 + 11. Let g = u + t. What is l(g)?
2
Let h(l) = 18*l - 18. Let a(d) = -10*d + 10. Let j(v) = 5*a(v) + 3*h(v). Calculate j(-3).
-16
Let j(a) = -3027 + 1509 + 1509 - 2*a. Suppose 4*p + 0*p - 8 = 0, 8 = -t + 5*p. Let q be 0 - 7 - 0/t. What is j(q)?
5
Let k(q) = 2*q - 24. Suppose -315 - 141 = -38*h. Give k(h).
0
Let l(d) = -3*d. Let c(u) = -u**2 - 8. Let v be c(-6). Let m be 473/v + (-6)/(-8). Let h be (4/(-5))/((-4)/m). Calculate l(h).
6
Suppose 5*q = -5*d + 1 - 6, 5*d = -3*q - 3. Let k(g) = -4*g**3 + 2*g**2 - 2*g - 3. Determine k(q).
5
Let x = 1523/43890 + -2/1463. Let b(l) be the third derivative of 0*l + 0*l**3 - x*l**5 + 0 + 1/24*l**4 - 2*l**2. What is b(3)?
-15
Let l(h) = -h**3 - 2*h**2 - 6 - 12*h - 2*h**2 + 4*h**2 - 6*h**2 + 4*h. Calculate l(-5).
9
Let i(b) = 2*b**3 - b**2 - 6*b - 20. Let m(p) = -p**3 + p**2 + 3*p + 11. Let w(c) = 6*i(c) + 11*m(c). Determine w(-6).
-17
Let x(v) be the third derivative of v**4/12 - v**3/6 - 3*v**2. Suppose 0 = -6*o + 2*o. Let c = o + -3. What is x(c)?
-7
Let l(j) = j**2 - 12*j - 11. Suppose -h = -5*c - 19, 0 = 3*h + 4*c - 16 - 3. Give l(h).
-38
Let y(b) = -b**2 - b + 6. Let z(l) = l**3 + 13*l**2 + l + 13. Let u(q) = -q - 5 + 2*q - 4*q - 6*q - 7*q**2 + q**3. Let v be u(8). Let x be z(v). Determine y(x).
6
Let b be -5 + 2 - (-1 + -5). Let k(y) = -8 + 3 + 8*y - 3*y**b - 7*y**2 + 4*y**3. Give k(6).
7
Let o(x) = 5*x + 24*x**2 + 9*x + x**3 - 4*x - 11 - 32*x**2 + 3. Determine o(6).
-20
Suppose -4*t + 6 = u + 2, t = -u + 4. Let g(w) = 4 - 2 + w + t. Suppose 4*p + 4*v + 20 = 6*p, 2*p - 5*v - 22 = 0. Calculate g(p).
8
Let i(u) = 4 - 3*u + 0*u + u. Let h be 2/11 - (-516)/66. Suppose 3*c - h*c + 30 = 0. Determine i(c).
-8
Suppose 20*c = 85 - 45. Let h(v) = 9*v + 11. Let w(t) = 6*t + 7. Let f(j) = 5*h(j) - 8*w(j). What is f(c)?
-7
Let v(i) = -13*i**2 + 0 + 322*i - 158*i - 165*i - 1. Give v(-2).
-51
Let j(h) be the second derivative of -h**4/8 - h**3/6 + 45*h**2/2 - 55*h. Let q(f) be the first derivative of j(f). Determine q(-3).
8
Let y be ((-12)/(-15))/((-20)/(-150)). Let f(p) = -p**2 + 3*p - 7. What is f(y)?
-25
Let m(f) be the third derivative of f**4/24 + 5*f**3/6 - 11135*f**2. Let d(p) = -p**3 + 6*p**2 - 6*p - 1. Let r = 9 + -4. Let x be d(r). Calculate m(x).
-1
Suppose -w + 9 = -2*p, -2*w - 242 = -2*p - 254. Let x(a) = 8*a - 15. Calculate x(w).
9
Let j(a) be the first derivative of -a**4/4 + 2*a**3 - 3*a**2/2 + 2*a + 19. What is j(5)?
12
Let d(l) = -7*l**3 + 24*l**2 - 21*l - 8. Let j(f) = -13*f**3 + 45*f**2 - 39*f - 16. Let q(g) = 11*d(g) - 6*j(g). Determine q(5).
-2
Let k = -1674 + 1669. Let s(z) be the second derivative of z**4/12 + z**3/6 + z**2/2 + z. What is s(k)?
21
Let w(t) = 12*t + 52 - 4*t + 2 - 20. Determine w(-5).
-6
Let x(v) = -3 - 3*v + 6*v + 3. Let r(j) = -2*j + j + 0 - 5. Let c be r(-6). What is x(c)?
3
Let o(i) = -75*i**2 - 7*i - 10. Let g(k) = 51*k**2 + 5*k + 7. Let s(b) = 7*g(b) + 5*o(b). What is s(-1)?
-19
Let v(z) = 5*z**3 + 12*z**2 + 17*z + 20. Let u(s) = 3*s**3 + 12*s**2 + 15*s + 19. Let h(l) = -3*u(l) + 2*v(l). Determine h(13).
9
Let x(g) = 15*g**2. Suppose 0 = -8*m - 15 + 7. Give x(m).
15
Let g = 88 + -85. Suppose -3*c - 5*w = -2, 0 = -2*c + g*w - 6 + 1. Let p(y) = -y**3 - y**2 + y. Determine p(c).
-1
Let d(b) = -3*b + 16. Suppose -3*r = -0*r + 3. Let o(m) = 7*m**2. Let u be o(r). Let q be d(u). Let f(k) = -k**3 - 6*k**2 - 3*k + 7. What is f(q)?
-3
Let p(d) = 1. Let l(n) = -8*n + 3. Let k(c) = -l(c) + 2*p(c). Let j(r) = -r**2 - 7*r - 1. Let z be j(-5). Suppose -2*x - 2*s + z = 3*x, s = -3*x + 5. Give k(x).
7
Let q(g) be the third derivative of 1/120*g**6 + 0 + 7/60*g**5 - 22*g**2 + 0*g + 5/6*g**3 + 7/24*g**4. Give q(-6).
-1
Suppose d + 2*d - 9 = 0. Let r(l) = -15*l - 2 + 4 - 2*l + 13*l. Give r(d).
-10
Let p(l) = -l + 3. Let a be (-18)/(-4)*6/9 + -2. What is p(a)?
2
Let h(j) = 4*j - 15. Let f(x) = 7*x - 27. Let a(q) = 6*f(q) - 11*h(q). Determine a(-5).
13
Suppose 3*k - 2*p = 2*p + 3, -5*k + 5 = -4*p. Let d be 14/5 + k/5. Let l(t) = t**2 + 7*t - 2*t**2 - 2*t - 6*t + 1. Give l(d).
-11
Let q(s) = -s**3 - 11*s**2 - 39*s**2 + 56*s**2 + 7*s. Let x = 9 + -2. Determine q(x).
0
Suppose -v + 3*w - 5 = 0, -3*v + 2 = -w - 15. Let k(n) = -3*n + 2 - 5*n + 3 + n**2 + 0*n. What is k(v)?
-2
Let h be 36*(-4)/((-64)/12). Suppose -5*l + 27 = 5*g - 3*l, g - h = 5*l. Suppose 36 = r - g*r. Let w(a) = -a + 2. What is w(r)?
8
Suppose 6*v - 24 = 2*v. Let h(o) = 22*o - 43*o + 26*o - 313 + 318 - o**2. Determine h(v).
-1
Let f(k) = -2*k + k - 1 + 5*k**2 - 1 + k**3. Let n be f(-5). Let g(l) be the second derivative of -l**5/20 + l**4/12 + 5*l**3/6 - l**2 - 36*l. Give g(n).
-5
Suppose -2*p = -3 - 5. Let r be (6/2)/(2/p). Let w(y) = 4*y**2 - 6*y + 4. Let n(z) = -11*z**2 + 18*z - 11. Let u(j) = -3*n(j) - 8*w(j). Determine u(r).
1
Suppose -12 = -3*o, -z - 5*o = -39 + 15. Let k(n) = -8*n**3 - 7*n**2 + 8*n + 9. Let d(i) = 3*i**3 + 4*i**2 - 4*i - 4. Let v(b) = -5*d(b) - 2*k(b). Give v(z).
-14
Let z(y) be the second derivative of 2*y**3/3 - 3*y**2 - 123*y. Determine z(5).
14
Let d(o) be the first derivative of 7/3*o**3 - 1/4*o**4 - 18 - 1/2*o**2 - 9*o. Calculate d(7).
-16
Let i(h) = 3*h - 2. Let n = -617 - -618. What is i(n)?
1
Let a(w) = -22 + 33 - 476*w**2 + 475*w**2. What is a(9)?
-70
S